8
Convert 2102 (base 3) to base 14.
49
-625 (base 7) to base 4
-10321
What is -1 (base 6) in base 3?
-1
Convert -53 (base 8) to base 11.
-3a
Convert -15c (base 13) to base 5.
-1441
What is 5 (base 15) in base 13?
5
What is 157 (base 9) in base 5?
1013
-9 (base 15) to base 3
-100
What is -11 (base 7) in base 2?
-1000
2 (base 12) to base 3
2
Convert 10 (base 4) to base 2.
100
What is 2031 (base 4) in base 10?
141
What is 0 (base 15) in base 9?
0
31 (base 9) to base 12
24
-10010 (base 2) to base 16
-12
What is -212 (base 3) in base 16?
-17
-10 (base 8) to base 9
-8
Convert -b (base 13) to base 16.
-b
Convert -a6 (base 11) to base 7.
-224
Convert -10 (base 4) to base 16.
-4
What is -120 (base 7) in base 2?
-111111
What is -10010 (base 2) in base 8?
-22
Convert 0 (base 10) to base 3.
0
Convert -10 (base 16) to base 11.
-15
Convert 1001111 (base 2) to base 12.
67
-78 (base 9) to base 4
-1013
Convert 7 (base 10) to base 8.
7
Convert 6 (base 16) to base 14.
6
Convert -3 (base 11) to base 4.
-3
2 (base 13) to base 16
2
Convert -11 (base 9) to base 16.
-a
Convert -e (base 16) to base 12.
-12
Convert -130 (base 10) to base 2.
-10000010
Convert -100 (base 3) to base 13.
-9
46 (base 8) to base 14
2a
Convert -12 (base 14) to base 9.
-17
254 (base 8) to base 13
103
Convert 0 (base 15) to base 2.
0
-1 (base 4) to base 16
-1
Convert -12 (base 7) to base 15.
-9
Convert 12212 (base 3) to base 16.
9e
-2 (base 5) to base 14
-2
Convert 1 (base 15) to base 6.
1
-4 (base 15) to base 9
-4
What is 3 (base 6) in base 2?
11
Convert -a8 (base 13) to base 11.
-116
0 (base 2) to base 15
0
3 (base 7) to base 8
3
What is 1221 (base 3) in base 6?
124
21 (base 3) to base 5
12
Convert -2 (base 10) to base 15.
-2
Convert 2 (base 12) to base 13.
2
0 (base 16) to base 10
0
What is -1101 (base 4) in base 11?
-74
Convert -6 (base 10) to base 9.
-6
-37 (base 9) to base 10
-34
1 (base 7) to base 6
1
-1 (base 10) to base 6
-1
Convert 5 (base 10) to base 2.
101
-5 (base 11) to base 13
-5
What is -2 (base 16) in base 10?
-2
What is 1 (base 9) in base 5?
1
-1 (base 16) to base 12
-1
What is 13 (base 4) in base 8?
7
43 (base 6) to base 12
23
41 (base 15) to base 2
111101
What is -16 (base 15) in base 14?
-17
-74 (base 16) to base 13
-8c
Convert ed (base 16) to base 5.
1422
-6 (base 11) to base 4
-12
2 (base 5) to base 9
2
What is -9 (base 12) in base 13?
-9
-3 (base 10) to base 16
-3
Convert 1 (base 9) to base 12.
1
Convert 12210 (base 3) to base 11.
132
What is -10 (base 7) in base 14?
-7
-20 (base 3) to base 13
-6
32 (base 4) to base 5
24
-102 (base 4) to base 2
-10010
What is -26 (base 13) in base 5?
-112
Convert -1 (base 9) to base 5.
-1
What is -100 (base 5) in base 9?
-27
Convert 2 (base 4) to base 16.
2
What is -12 (base 3) in base 12?
-5
What is 305 (base 6) in base 15?
78
Convert -5 (base 15) to base 10.
-5
-a (base 12) to base 8
-12
What is -7 (base 9) in base 15?
-7
34 (base 12) to base 15
2a
Convert 5 (base 16) to base 7.
5
Convert -4 (base 16) to base 9.
-4
Convert -3 (base 6) to base 3.
-10
Convert 102 (base 7) to base 10.
51
1f (base 16) to base 5
111
11 (base 2) to base 12
3
Convert -103 (base 8) to base 7.
-124
What is 30 (base 4) in base 12?
10
Convert -1010 (base 2) to base 4.
-22
Convert -2440 (base 5) to base 16.
-172
What is -53 (base 10) in base 16?
-35
What is -8 (base 16) in base 11?
-8
What is 0 (base 5) in base 15?
0
What is -50 (base 16) in base 11?
-73
What is -342 (base 9) in base 4?
-10121
Convert 7 (base 14) to base 2.
111
Convert -1 (base 2) to base 12.
-1
What is -4 (base 8) in base 2?
-100
-100 (base 2) to base 4
-10
Convert 2 (base 9) to base 13.
2
Convert 14 (base 5) to base 9.
10
What is -2 (base 7) in base 14?
-2
What is 2 (base 5) in base 2?
10
Convert 1001001 (base 2) to base 4.
1021
22 (base 13) to base 2
11100
What is 18 (base 10) in base 2?
10010
What is -23 (base 16) in base 8?
-43
Convert 3 (base 8) to base 10.
3
What is 55 (base 11) in base 6?
140
5 (base 15) to base 6
5
0 (base 16) to base 9
0
Convert 21221 (base 3) to base 6.
554
What is 101111 (base 2) in base 13?
38
Convert 11 (base 9) to base 14.
a
-3 (base 15) to base 8
-3
What is -5 (base 10) in base 11?
-5
2222 (base 3) to base 9
88
-1 (base 6) to base 3
-1
8 (base 11) to base 4
20
-7 (base 10) to base 6
-11
-1342 (base 5) to base 12
-166
What is -1021 (base 4) in base 7?
-133
What is -10 (base 15) in base 9?
-16
What is -6 (base 14) in base 13?
-6
-b (base 13) to base 11
-10
Convert -213 (base 4) to base 3.
-1110
Convert -111 (base 11) to base 14.
-97
What is 220 (base 6) in base 5?
314
Convert 4 (base 5) to base 9.
4
10 (base 16) to base 7
22
What is 12 (base 4) in base 12?
6
What is 5 (base 7) in base 3?
12
3 (base 6) to base 15
3
What is 139 (base 12) in base 15?
c9
What is 30 (base 8) in base 14?
1a
16 (base 10) to base 6
24
What is -30 (base 5) in base 16?
-f
Convert 18 (base 16) to base 15.
19
What is -1 (base 5) in base 9?
-1
-56 (base 15) to base 5
-311
What is 110110 (base 2) in base 5?
204
Convert 11100 (base 2) to base 8.
34
Convert 16 (base 9) to base 5.
30
-322 (base 5) to base 16
-57
What is c (base 13) in base 9?
13
What is -16 (base 7) in base 6?
-21
Convert -1110 (base 2) to base 14.
-10
-179 (base 10) to base 3
-20122
2 (base 11) to base 12
2
What is -11102 (base 3) in base 7?
-230
What is 12001 (base 3) in base 4?
2020
What is 401 (base 7) in base 10?
197
What is -33 (base 5) in base 8?
-22
-10 (base 2) to base 16
-2
Convert 222 (base 13) to base 14.
1c2
What is -120 (base 4) in base 10?
-24
44 (base 7) to base 11
2a
1 (base 6) to base 4
1
What is 14 (base 14) in base 6?
30
-3a (base 16) to base 11
-53
-2 (base 12) to base 14
-2
What is 1111101 (base 2) in base 9?
148
What is -10 (base 16) in base 6?
-24
Convert -1 (base 14) to base 15.
-1
What is 1101 (base 2) in base 7?
16
Convert 5 (base 9) to base 12.
5
Convert 4 (base 5) to base 14.
4
Convert -2 (base 4) to base 8.
-2
300 (base 4) to base 7
66
13 (base 16) to base 15
14
12022 (base 3) to base 14
a3
Convert 2 (base 6) to base 8.
2
What is 1 (base 14) in base 3?
1
1 (base 10) to base 7
1
What is 11 (base 2) in base 12?
3
Convert -4 (base 9) to base 10.
-4
-3c (base 14) to base 10
-54
-3 (base 4) to base 2
-11
-59 (base 13) to base 7
-134
24 (base 14) to base 8
40
Convert -510 (base 6) to base 7.
-354
b (base 12) to base 3
102
Convert -6 (base 8) to base 13.
-6
Convert 2 (base 10) to base 7.
2
1 (base 12) to base 9
1
Convert 112 (base 3) to base 6.
22
What is 8 (base 9) in base 8?
10
-202 (base 3) to base 5
-40
4 (base 16) to base 4
10
10111 (base 2) to base 15
18
-1 (base 3) to base 11
-1
-10220 (base 4) to base 7
-602
Convert -6 (base 12) to base 3.
-20
Convert -17 (base 13) to base 4.
-110
What is -1111 (base 3) in base 2?
-101000
-3 (base 12) to base 6
-3
-1100011 (base 2) to base 3
-10200
4 (base 12) to base 6
4
Convert -b (base 15) to base 2.
-1011
Convert 3 (base 5) to base 11.
3
Convert c (base 16) to base 14.
c
What is -aa (base 12) in base 6?
-334
121 (base 4) to base 12
21
-100111101 (base 2) to base 9
-382
222 (base 3) to base 4
122
-12b (base 12) to base 4
-2303
105 (base 12) to base 15
9e
What is 2 (base 15) in base 8?
2
Convert -36 (base 9) to base 11.
-30
-42 (base 8) to base 7
-46
-1001100 (base 2) to base 14
-56
What is 11 (base 4) in base 11?
5
What is 211 (base 8) in base 13?
a7
What is 31 (base 6) in base 13?
16
Convert -3 (base 12) to base 2.
-11
11 (base 3) to base 12
4
What is -34 (base 5) in base 2?
-10011
What is 13 (base 9) in base 15?
c
Convert -14 (base 15) to base 6.
-31
What is 10001100 (base 2) in base 14?
a0
Convert -17 (base 10) to base 14.
-13
-3 (base 8) to base 11
-3
What is 1 (base 11) in base 10?
1
What is 76 (base 13) in base 11?
89
What is -7b (base 13) in base 7?
-204
What is 15 (base 6) in base 13?
b
What is 0 (base 7) in base 6?
0
-13 (base 5) to base 12
-8
2 (base 8) to base 7
2
Convert -3 (base 9) to base 12.
-3
Convert -56 (base 15) to base 11.
-74
What is b0 (base 12) in base 14?
96
-2 (base 15) to base 4
-2
4 (base 12) to base 5
4
Convert 10 (base 8) to base 6.
12
Convert -1000 (base 3) to base 8.
-33
10 (base 5) to base 6
5
2 (base 10) to base 2
10
Convert -1001 (base 2) to base 3.
-100
What is -23 (base 12) in base 4?
-123
-7 (base 13) to base 10
-7
What is -1